{"id":86,"date":"2024-12-03T15:55:14","date_gmt":"2024-12-03T14:55:14","guid":{"rendered":"https:\/\/maxicontgroup.hu\/bellerophon\/?page_id=86"},"modified":"2025-11-02T14:17:11","modified_gmt":"2025-11-02T13:17:11","slug":"alallomas","status":"publish","type":"page","link":"https:\/\/maxicontgroup.hu\/index.php\/alallomas\/","title":{"rendered":"Al\u00e1llom\u00e1s"},"content":{"rendered":"<p>[et_pb_section fb_built=&#8221;1&#8243; admin_label=&#8221;Header&#8221; module_class=&#8221;hero&#8221; _builder_version=&#8221;4.27.4&#8243; _module_preset=&#8221;default&#8221; background_image=&#8221;https:\/\/maxicontgroup.hu\/wp-content\/uploads\/2025\/09\/Maxicont-Web-Maxicotech-oldal-pic1-scaled.jpg&#8221; background_size=&#8221;contain&#8221; overflow-x=&#8221;hidden&#8221; overflow-y=&#8221;hidden&#8221; custom_padding=&#8221;8vw||4vw||false|false&#8221; animation_style=&#8221;slide&#8221; link_option_url=&#8221;https:\/\/www.maxicontech.hu\/&#8221; link_option_url_new_window=&#8221;on&#8221; collapsed=&#8221;on&#8221; global_colors_info=&#8221;{}&#8221;][\/et_pb_section][et_pb_section fb_built=&#8221;1&#8243; admin_label=&#8221;Feature&#8221; _builder_version=&#8221;4.24.0&#8243; _module_preset=&#8221;default&#8221; background_color=&#8221;gcid-a93f2103-1d8b-43bb-b21d-81d84bba8b15&#8243; use_background_color_gradient=&#8221;on&#8221; background_color_gradient_stops=&#8221;#f2f0eb 0%|#ffffff 100%&#8221; custom_padding=&#8221;0px|||||&#8221; locked=&#8221;off&#8221; global_colors_info=&#8221;{%22gcid-a93f2103-1d8b-43bb-b21d-81d84bba8b15%22:%91%22background_color%22%93}&#8221;][et_pb_row _builder_version=&#8221;4.27.4&#8243; _module_preset=&#8221;default&#8221; width=&#8221;100%&#8221; max_width=&#8221;2560px&#8221; custom_margin=&#8221;||6vw||false|false&#8221; custom_padding=&#8221;0px|||||&#8221; global_colors_info=&#8221;{}&#8221;][et_pb_column type=&#8221;4_4&#8243; _builder_version=&#8221;4.24.0&#8243; _module_preset=&#8221;default&#8221; global_colors_info=&#8221;{}&#8221;][et_pb_image src=&#8221;https:\/\/maxicontgroup.hu\/wp-content\/uploads\/2025\/09\/Maxicont-Web-Maxicotech-oldal-pic2-scaled-e1758379725689.jpg&#8221; title_text=&#8221;Maxicont Web Maxicotech oldal pic2&#8243; align=&#8221;center&#8221; force_fullwidth=&#8221;on&#8221; _builder_version=&#8221;4.27.4&#8243; _module_preset=&#8221;default&#8221; global_colors_info=&#8221;{}&#8221;][\/et_pb_image][\/et_pb_column][\/et_pb_row][\/et_pb_section][et_pb_section fb_built=&#8221;1&#8243; _builder_version=&#8221;4.27.4&#8243; _module_preset=&#8221;default&#8221; custom_padding=&#8221;1px|||||&#8221; global_colors_info=&#8221;{}&#8221;][et_pb_row column_structure=&#8221;1_2,1_2&#8243; use_custom_gutter=&#8221;on&#8221; gutter_width=&#8221;1&#8243; _builder_version=&#8221;4.27.4&#8243; _module_preset=&#8221;default&#8221; width=&#8221;100%&#8221; module_alignment=&#8221;right&#8221; animation_style=&#8221;slide&#8221; global_colors_info=&#8221;{}&#8221;][et_pb_column type=&#8221;1_2&#8243; _builder_version=&#8221;4.27.4&#8243; _module_preset=&#8221;default&#8221; global_colors_info=&#8221;{}&#8221;][et_pb_image src=&#8221;https:\/\/maxicontgroup.hu\/wp-content\/uploads\/2025\/09\/Simon-Zoltan-Celegyenesben-scaled-e1758288410689-1024&#215;601.jpg&#8221; title_text=&#8221;Simon Zolt\u00e1n &#8211; C\u00e9legyenesben&#8221; show_bottom_space=&#8221;off&#8221; _builder_version=&#8221;4.27.4&#8243; _module_preset=&#8221;default&#8221; max_width=&#8221;80%&#8221; module_alignment=&#8221;right&#8221; custom_padding=&#8221;|0px|||false|false&#8221; global_colors_info=&#8221;{}&#8221;][\/et_pb_image][\/et_pb_column][et_pb_column type=&#8221;1_2&#8243; _builder_version=&#8221;4.27.4&#8243; _module_preset=&#8221;default&#8221; global_colors_info=&#8221;{}&#8221;][et_pb_text _builder_version=&#8221;4.27.4&#8243; _module_preset=&#8221;default&#8221; text_font=&#8221;Poppins||||||||&#8221; text_text_color=&#8221;#FFFFFF&#8221; text_font_size=&#8221;16px&#8221; background_color=&#8221;#294492&#8243; custom_margin=&#8221;0px||||false|false&#8221; custom_padding=&#8221;42px|20px|42px|20px|false|false&#8221; hover_enabled=&#8221;0&#8243; global_colors_info=&#8221;{}&#8221; header_font=&#8221;Poppins||||||||&#8221; sticky_enabled=&#8221;0&#8243;]<\/p>\n<div>\n<p class=\"Standard\"><span lang=\"HU\">AL\u00c1LLOM\u00c1S L\u00c9TES\u00cdT\u00c9S, IPARI L\u00c9TES\u00cdTM\u00c9NYEK ENERGIAELL\u00c1T\u00c1SA<o:p><\/o:p><\/span><\/p>\n<p class=\"Standard\"><span lang=\"HU\"><\/span><\/p>\n<\/div>\n<div>\n<p class=\"Standard\"><span lang=\"HU\">Nagy- \u00e9s k\u00f6z\u00e9pfesz\u00fclts\u00e9g\u0171 al\u00e1llom\u00e1sok \u00e9p\u00edt\u00e9se, rekonstrukci\u00f3ja, b\u0151v\u00edt\u00e9se sor\u00e1n felmer\u00fcl\u0151 villamostechnol\u00f3giai szerel\u00e9si munk\u00e1k kivitelez\u00e9se komplett \u00fczembehelyez\u00e9ssel, eloszt\u00f3i \u00e9s \u00e1tviteli h\u00e1l\u00f3zaton, valamint ipari l\u00e9tes\u00edtm\u00e9nyek energiasz\u00fcks\u00e9glet\u00e9nek biztos\u00edt\u00e1sa sor\u00e1n.<o:p><\/o:p><\/span><\/p>\n<\/div>\n<p>[\/et_pb_text][\/et_pb_column][\/et_pb_row][\/et_pb_section][et_pb_section fb_built=&#8221;1&#8243; _builder_version=&#8221;4.27.4&#8243; _module_preset=&#8221;default&#8221; custom_padding=&#8221;4px||0px|||&#8221; global_colors_info=&#8221;{}&#8221;][et_pb_row column_structure=&#8221;1_2,1_2&#8243; use_custom_gutter=&#8221;on&#8221; gutter_width=&#8221;1&#8243; _builder_version=&#8221;4.27.4&#8243; _module_preset=&#8221;default&#8221; width=&#8221;100%&#8221; module_alignment=&#8221;left&#8221; custom_padding=&#8221;6px|0px|4px|||&#8221; animation_style=&#8221;slide&#8221; global_colors_info=&#8221;{}&#8221;][et_pb_column type=&#8221;1_2&#8243; _builder_version=&#8221;4.27.4&#8243; _module_preset=&#8221;default&#8221; global_colors_info=&#8221;{}&#8221;][et_pb_text _builder_version=&#8221;4.27.4&#8243; _module_preset=&#8221;default&#8221; text_font=&#8221;Poppins||||||||&#8221; text_text_color=&#8221;#FFFFFF&#8221; text_font_size=&#8221;16px&#8221; background_color=&#8221;#294492&#8243; custom_margin=&#8221;0px||||false|false&#8221; custom_padding=&#8221;54px|24px|54px|46px|false|false&#8221; hover_enabled=&#8221;0&#8243; global_colors_info=&#8221;{}&#8221; sticky_enabled=&#8221;0&#8243;]<\/p>\n<div>\n<p class=\"Standard\"><span lang=\"HU\">MEG\u00daJUL\u00d3 ENERGIA, ENERGIA T\u00c1ROL\u00c1S<o:p><\/o:p><\/span><\/p>\n<p class=\"Standard\"><span lang=\"HU\"><\/span><\/p>\n<\/div>\n<div>\n<p class=\"Standard\"><span lang=\"HU\">Naper\u0151m\u0171vek h\u00e1l\u00f3zati csatlakoz\u00e1sa eloszt\u00f3i \u00e9s \u00e1tviteli h\u00e1l\u00f3zatra. Energiat\u00e1rol\u00e1si megold\u00e1sok sz\u00e1ll\u00edt\u00e1sa \u00e9s kivitelez\u00e9se \u00e1ramszolg\u00e1ltat\u00f3i \u00e9s #ipari m\u00e9retekben. Teljes\u00edtm\u00e9ny ir\u00e1nym\u00e9r\u00e9s komplett kivitelez\u00e9se.<o:p><\/o:p><\/span><\/p>\n<\/div>\n<p>[\/et_pb_text][\/et_pb_column][et_pb_column type=&#8221;1_2&#8243; _builder_version=&#8221;4.27.4&#8243; _module_preset=&#8221;default&#8221; global_colors_info=&#8221;{}&#8221;][et_pb_image src=&#8221;https:\/\/maxicontgroup.hu\/wp-content\/uploads\/2025\/09\/Napelem-CMYK-300dpi-e1758359107895-1024&#215;575.jpg&#8221; title_text=&#8221;Napelem CMYK 300dpi&#8221; show_bottom_space=&#8221;off&#8221; _builder_version=&#8221;4.27.4&#8243; _module_preset=&#8221;default&#8221; width=&#8221;80%&#8221; custom_margin=&#8221;|||0px|false|false&#8221; custom_padding=&#8221;|||0px|false|false&#8221; global_colors_info=&#8221;{}&#8221;][\/et_pb_image][\/et_pb_column][\/et_pb_row][\/et_pb_section][et_pb_section fb_built=&#8221;1&#8243; _builder_version=&#8221;4.27.4&#8243; _module_preset=&#8221;default&#8221; custom_padding=&#8221;2px|||||&#8221; global_colors_info=&#8221;{}&#8221;][et_pb_row column_structure=&#8221;1_2,1_2&#8243; use_custom_gutter=&#8221;on&#8221; gutter_width=&#8221;1&#8243; _builder_version=&#8221;4.27.4&#8243; _module_preset=&#8221;default&#8221; width=&#8221;100%&#8221; module_alignment=&#8221;right&#8221; custom_padding=&#8221;11px|||||&#8221; animation_style=&#8221;slide&#8221; global_colors_info=&#8221;{}&#8221;][et_pb_column type=&#8221;1_2&#8243; _builder_version=&#8221;4.27.4&#8243; _module_preset=&#8221;default&#8221; global_colors_info=&#8221;{}&#8221;][et_pb_image src=&#8221;https:\/\/maxicontgroup.hu\/wp-content\/uploads\/2025\/09\/20241206_074625-e1758359016871.jpg&#8221; title_text=&#8221;20241206_074625&#8243; show_bottom_space=&#8221;off&#8221; _builder_version=&#8221;4.27.4&#8243; _module_preset=&#8221;default&#8221; max_width=&#8221;80%&#8221; module_alignment=&#8221;right&#8221; custom_padding=&#8221;|0px|||false|false&#8221; global_colors_info=&#8221;{}&#8221;][\/et_pb_image][\/et_pb_column][et_pb_column type=&#8221;1_2&#8243; _builder_version=&#8221;4.27.4&#8243; _module_preset=&#8221;default&#8221; global_colors_info=&#8221;{}&#8221;][et_pb_text _builder_version=&#8221;4.27.4&#8243; _module_preset=&#8221;default&#8221; text_font=&#8221;Poppins||||||||&#8221; text_text_color=&#8221;#FFFFFF&#8221; text_font_size=&#8221;16px&#8221; background_color=&#8221;#294492&#8243; custom_margin=&#8221;0px||||false|false&#8221; custom_padding=&#8221;45px|20px|45px|20px|false|false&#8221; animation_style=&#8221;slide&#8221; hover_enabled=&#8221;0&#8243; global_colors_info=&#8221;{}&#8221; sticky_enabled=&#8221;0&#8243;]<\/p>\n<div>\n<p class=\"Standard\"><span lang=\"HU\">VILLAMOSTECHNOL\u00d3GiAI BERENDEZ\u00c9SEK<o:p><\/o:p><\/span><\/p>\n<p class=\"Standard\"><span lang=\"HU\"><\/span><\/p>\n<\/div>\n<div>\n<p class=\"Standard\"><span lang=\"HU\">Kisfesz\u00fclts\u00e9g\u0171 k\u00fcl- \u00e9s belt\u00e9ri, v\u00e1lt\u00f3- \u00e9s egyen\u00e1ram\u00fa kapcsol\u00f3 \u00e9s eloszt\u00f3berendez\u00e9sek, v\u00e9delmi \u00e9s ir\u00e1ny\u00edt\u00e1stechnikai szekr\u00e9nyek gy\u00e1rt\u00e1sa, szerel\u00e9se, \u00fczembehelyez\u00e9se. A teljes beruh\u00e1z\u00e1si \u00e9rt\u00e9kl\u00e1nchoz kapcsol\u00f3d\u00f3 nagy-, k\u00f6z\u00e9p- \u00e9s kisfesz\u00fclts\u00e9g\u0171 berendez\u00e9sek, transzform\u00e1torok sz\u00e1ll\u00edt\u00e1sa, telep\u00edt\u00e9se.<o:p><\/o:p><\/span><\/p>\n<\/div>\n<p>[\/et_pb_text][\/et_pb_column][\/et_pb_row][\/et_pb_section][et_pb_section fb_built=&#8221;1&#8243; fullwidth=&#8221;on&#8221; _builder_version=&#8221;4.27.4&#8243; _module_preset=&#8221;default&#8221; background_image=&#8221;https:\/\/maxicontgroup.hu\/wp-content\/uploads\/2025\/09\/Screenshot-2025-09-18-at-14.25.08-e1758449676560.png&#8221; background_size=&#8221;contain&#8221; custom_margin=&#8221;||||false|false&#8221; custom_padding=&#8221;55px||172px|||&#8221; global_colors_info=&#8221;{}&#8221;][\/et_pb_section][et_pb_section fb_built=&#8221;1&#8243; admin_label=&#8221;Feature&#8221; _builder_version=&#8221;4.27.4&#8243; _module_preset=&#8221;default&#8221; background_color=&#8221;#FFFFFF&#8221; use_background_color_gradient=&#8221;on&#8221; background_color_gradient_stops=&#8221;#f2f0eb 0%|#ffffff 100%&#8221; custom_padding=&#8221;0px|||||&#8221; locked=&#8221;off&#8221; global_colors_info=&#8221;{}&#8221;][et_pb_row column_structure=&#8221;1_2,1_2&#8243; module_id=&#8221;alallomas_hir&#8221; _builder_version=&#8221;4.27.4&#8243; _module_preset=&#8221;default&#8221; background_color=&#8221;#294492&#8243; width=&#8221;100%&#8221; max_width=&#8221;2560px&#8221; global_colors_info=&#8221;{}&#8221;][et_pb_column type=&#8221;1_2&#8243; _builder_version=&#8221;4.27.4&#8243; _module_preset=&#8221;default&#8221; global_colors_info=&#8221;{}&#8221;][et_pb_image src=&#8221;https:\/\/maxicontgroup.hu\/wp-content\/uploads\/2025\/05\/Galgaguta_1.jpg&#8221; title_text=&#8221;Galgaguta_1&#8243; show_in_lightbox=&#8221;on&#8221; align=&#8221;center&#8221; _builder_version=&#8221;4.27.4&#8243; _module_preset=&#8221;default&#8221; width=&#8221;100%&#8221; max_width=&#8221;83%&#8221; custom_margin=&#8221;||||false|false&#8221; animation_style=&#8221;fade&#8221; global_colors_info=&#8221;{}&#8221;][\/et_pb_image][\/et_pb_column][et_pb_column type=&#8221;1_2&#8243; _builder_version=&#8221;4.27.4&#8243; _module_preset=&#8221;default&#8221; global_colors_info=&#8221;{}&#8221;][et_pb_text _builder_version=&#8221;4.27.4&#8243; _module_preset=&#8221;default&#8221; text_font=&#8221;Poppins||||||||&#8221; text_font_size=&#8221;16px&#8221; background_layout=&#8221;dark&#8221; max_width=&#8221;83%&#8221; module_alignment=&#8221;center&#8221; custom_margin=&#8221;|0px|||false|false&#8221; custom_padding=&#8221;60px||||false|false&#8221; hover_enabled=&#8221;0&#8243; global_colors_info=&#8221;{}&#8221; sticky_enabled=&#8221;0&#8243;]<\/p>\n<p style=\"font-weight: 400; text-align: justify;\"><strong>M\u00c9RF\u00d6LDK\u0150NEK SZ\u00c1M\u00cdT\u00d3 PROJEKTET NYERT A MAXICONT CSOPORT VILLAMOSTECHNOL\u00d3GIAI C\u00c9GE, A MAXICONTECH KFT.<\/strong><\/p>\n<p style=\"font-weight: 400; text-align: justify;\"><span>T\u00f6bb, mint 4 Mrd Ft \u00e9rt\u00e9k\u0171 szerz\u0151d\u00e9st \u00edrt al\u00e1 a MaxiConTech Kft. a Szihalmon megval\u00f3sul\u00f3 z\u00f6ldmez\u0151s naper\u0151m\u0171 h\u00e1l\u00f3zati csatlakoz\u00e1s\u00e1ra a beruh\u00e1z\u00e1s f\u0151v\u00e1llalkoz\u00f3j\u00e1val, a SolarPro Technology AD -vel. <\/span><span>A MaxiContech Kft. m\u00e1r bizony\u00edtotta a F\u0151v\u00e1llalkoz\u00f3 sz\u00e1m\u00e1ra magas min\u0151s\u00e9g\u0171, hat\u00e1rid\u0151re t\u00f6rt\u00e9n\u0151 munkav\u00e9gz\u00e9s\u00e9t t\u00f6bbek k\u00f6z\u00f6tt a szint\u00e9n a <\/span><span>Solarpro Holding AD <\/span><span>beruh\u00e1z\u00e1s\u00e1ban megval\u00f3sult Galgaguta naper\u0151m\u0171 park h\u00e1l\u00f3zatra csatlakoz\u00e1s\u00e1val. <\/span><span>A mostani, kiviteli tervez\u00e9s alatt lev\u0151 \u00fajabb projekt k\u00fcl\u00f6nlegess\u00e9ge, hogy az energiat\u00e1rol\u00f3val egybek\u00f6t\u00f6tt 5 db egyenk\u00e9nt 50 MW -os naper\u0151m\u0171 park a MAVIR \u00e1tviteli h\u00e1l\u00f3zat\u00e1ba, a Szihalom-220\/33 kV-os al\u00e1llom\u00e1s\u00e1ba csatlakozik. <\/span><\/p>\n<p style=\"font-weight: 400; text-align: justify;\">A k\u00e9pen a Galgaguta naper\u0151m\u0171 h\u00e1l\u00f3zati csatlakoz\u00e1s\u00e1nak munk\u00e1latai a MaxiContech Kft. kivitelez\u00e9s\u00e9ben 2021 december\u00e9ben<\/p>\n<p>[\/et_pb_text][\/et_pb_column][\/et_pb_row][\/et_pb_section][et_pb_section fb_built=&#8221;1&#8243; theme_builder_area=&#8221;post_content&#8221; _builder_version=&#8221;4.27.4&#8243; _module_preset=&#8221;default&#8221; custom_padding=&#8221;||7px|||&#8221;][et_pb_row _builder_version=&#8221;4.27.4&#8243; _module_preset=&#8221;default&#8221; theme_builder_area=&#8221;post_content&#8221;][et_pb_column _builder_version=&#8221;4.27.4&#8243; _module_preset=&#8221;default&#8221; type=&#8221;4_4&#8243; theme_builder_area=&#8221;post_content&#8221;][et_pb_image src=&#8221;https:\/\/maxicontgroup.hu\/wp-content\/uploads\/2025\/11\/Screenshot-2025-11-02-at-13.19.22-scaled.png&#8221; _builder_version=&#8221;4.27.4&#8243; _module_preset=&#8221;default&#8221; theme_builder_area=&#8221;post_content&#8221; title_text=&#8221;Screenshot 2025-11-02 at 13.19.22&#8243; hover_enabled=&#8221;0&#8243; sticky_enabled=&#8221;0&#8243;][\/et_pb_image][\/et_pb_column][\/et_pb_row][\/et_pb_section][et_pb_section fb_built=&#8221;1&#8243; fullwidth=&#8221;on&#8221; _builder_version=&#8221;4.27.4&#8243; _module_preset=&#8221;default&#8221; custom_padding=&#8221;||0px|||&#8221; global_colors_info=&#8221;{}&#8221;][et_pb_fullwidth_image src=&#8221;https:\/\/maxicontgroup.hu\/wp-content\/uploads\/2025\/09\/Maxicont-Web-elerhetosegek-scaled.jpg&#8221; title_text=&#8221;Maxicont Web el\u00e9rhet\u0151s\u00e9gek&#8221; _builder_version=&#8221;4.27.4&#8243; _module_preset=&#8221;default&#8221; width=&#8221;55%&#8221; module_alignment=&#8221;center&#8221; hover_enabled=&#8221;0&#8243; global_colors_info=&#8221;{}&#8221; sticky_enabled=&#8221;0&#8243;][\/et_pb_fullwidth_image][\/et_pb_section][et_pb_section fb_built=&#8221;1&#8243; admin_label=&#8221;Footer Copyright&#8221; _builder_version=&#8221;4.27.4&#8243; _module_preset=&#8221;default&#8221; background_color=&#8221;#FFFFFF&#8221; custom_padding=&#8221;0px||0px||true|false&#8221; saved_tabs=&#8221;all&#8221; collapsed=&#8221;on&#8221; global_colors_info=&#8221;{}&#8221;][et_pb_row _builder_version=&#8221;4.22.0&#8243; _module_preset=&#8221;default&#8221; global_colors_info=&#8221;{}&#8221;][et_pb_column type=&#8221;4_4&#8243; _builder_version=&#8221;4.22.0&#8243; _module_preset=&#8221;default&#8221; global_colors_info=&#8221;{}&#8221;][et_pb_text _builder_version=&#8221;4.27.4&#8243; _dynamic_attributes=&#8221;content&#8221; _module_preset=&#8221;58948ee8-3d1d-479a-b85d-657ac5296100&#8243; text_orientation=&#8221;center&#8221; hover_enabled=&#8221;0&#8243; global_colors_info=&#8221;{}&#8221; text_font=&#8221;Poppins||||||||&#8221; sticky_enabled=&#8221;0&#8243;]@ET-DC@eyJkeW5hbWljIjp0cnVlLCJjb250ZW50IjoiY3VycmVudF9kYXRlIiwic2V0dGluZ3MiOnsiYmVmb3JlIjoiQ29weXJpZ2h0ICZjb3B5OyAiLCJhZnRlciI6IiBNYXhpY29udEdyb3VwIEhvbGRpbmcgS2Z0LiBNaW5kZW4gam9nIGZlbm50YXJ0dmEiLCJkYXRlX2Zvcm1hdCI6ImN1c3RvbSIsImN1c3RvbV9kYXRlX2Zvcm1hdCI6IlkifX0=@[\/et_pb_text][\/et_pb_column][\/et_pb_row][\/et_pb_section]<\/p>\n","protected":false},"excerpt":{"rendered":"<p>AL\u00c1LLOM\u00c1S L\u00c9TES\u00cdT\u00c9S, IPARI L\u00c9TES\u00cdTM\u00c9NYEK ENERGIAELL\u00c1T\u00c1SA Nagy- \u00e9s k\u00f6z\u00e9pfesz\u00fclts\u00e9g\u0171 al\u00e1llom\u00e1sok \u00e9p\u00edt\u00e9se, rekonstrukci\u00f3ja, b\u0151v\u00edt\u00e9se sor\u00e1n felmer\u00fcl\u0151 villamostechnol\u00f3giai szerel\u00e9si munk\u00e1k kivitelez\u00e9se komplett \u00fczembehelyez\u00e9ssel, eloszt\u00f3i \u00e9s \u00e1tviteli h\u00e1l\u00f3zaton, valamint ipari l\u00e9tes\u00edtm\u00e9nyek energiasz\u00fcks\u00e9glet\u00e9nek biztos\u00edt\u00e1sa sor\u00e1n. MEG\u00daJUL\u00d3 ENERGIA, ENERGIA T\u00c1ROL\u00c1S Naper\u0151m\u0171vek h\u00e1l\u00f3zati csatlakoz\u00e1sa eloszt\u00f3i \u00e9s \u00e1tviteli h\u00e1l\u00f3zatra. Energiat\u00e1rol\u00e1si megold\u00e1sok sz\u00e1ll\u00edt\u00e1sa \u00e9s kivitelez\u00e9se \u00e1ramszolg\u00e1ltat\u00f3i \u00e9s #ipari m\u00e9retekben. Teljes\u00edtm\u00e9ny ir\u00e1nym\u00e9r\u00e9s komplett kivitelez\u00e9se. VILLAMOSTECHNOL\u00d3GiAI [&hellip;]<\/p>\n","protected":false},"author":1,"featured_media":0,"parent":0,"menu_order":0,"comment_status":"closed","ping_status":"closed","template":"","meta":{"_et_pb_use_builder":"on","_et_pb_old_content":"","_et_gb_content_width":"","footnotes":""},"class_list":["post-86","page","type-page","status-publish","hentry"],"_links":{"self":[{"href":"https:\/\/maxicontgroup.hu\/index.php\/wp-json\/wp\/v2\/pages\/86","targetHints":{"allow":["GET"]}}],"collection":[{"href":"https:\/\/maxicontgroup.hu\/index.php\/wp-json\/wp\/v2\/pages"}],"about":[{"href":"https:\/\/maxicontgroup.hu\/index.php\/wp-json\/wp\/v2\/types\/page"}],"author":[{"embeddable":true,"href":"https:\/\/maxicontgroup.hu\/index.php\/wp-json\/wp\/v2\/users\/1"}],"replies":[{"embeddable":true,"href":"https:\/\/maxicontgroup.hu\/index.php\/wp-json\/wp\/v2\/comments?post=86"}],"version-history":[{"count":57,"href":"https:\/\/maxicontgroup.hu\/index.php\/wp-json\/wp\/v2\/pages\/86\/revisions"}],"predecessor-version":[{"id":913,"href":"https:\/\/maxicontgroup.hu\/index.php\/wp-json\/wp\/v2\/pages\/86\/revisions\/913"}],"wp:attachment":[{"href":"https:\/\/maxicontgroup.hu\/index.php\/wp-json\/wp\/v2\/media?parent=86"}],"curies":[{"name":"wp","href":"https:\/\/api.w.org\/{rel}","templated":true}]}}